{"id":3872,"date":"2021-10-19T20:22:00","date_gmt":"2021-10-19T18:22:00","guid":{"rendered":"https:\/\/fharch.eu\/?post_type=projekty&#038;p=3872"},"modified":"2022-09-09T09:54:19","modified_gmt":"2022-09-09T07:54:19","slug":"rezidencia-velky-saris","status":"publish","type":"projekty","link":"https:\/\/fharch.eu\/en\/projekty\/rezidencia-velky-saris\/","title":{"rendered":"REZIDENCIA VE\u013dKY \u0160ARI\u0160"},"content":{"rendered":"\n<div style=\"height:30px\" aria-hidden=\"true\" class=\"wp-block-spacer\"><\/div>\n\n\n\n<h4 class=\"alignfull wp-block-heading\">Vizualiz\u00e1cie individu\u00e1lnych rodinn\u00fdch domov na jednej ulici<\/h4>\n\n\n\n<figure class=\"wp-block-image alignfull size-full is-style-default\"><img decoding=\"async\" width=\"2048\" height=\"1152\" src=\"https:\/\/fharch.eu\/wp-content\/uploads\/2022\/05\/210531_REZIDENCIA-VELKY-SARIS_01_VTACIA-PERSPEKTIVA-scaled.jpg\" alt=\"\" class=\"wp-image-3873\" srcset=\"https:\/\/fharch.eu\/wp-content\/uploads\/2022\/05\/210531_REZIDENCIA-VELKY-SARIS_01_VTACIA-PERSPEKTIVA-scaled.jpg 2048w, https:\/\/fharch.eu\/wp-content\/uploads\/2022\/05\/210531_REZIDENCIA-VELKY-SARIS_01_VTACIA-PERSPEKTIVA-300x169.jpg 300w, https:\/\/fharch.eu\/wp-content\/uploads\/2022\/05\/210531_REZIDENCIA-VELKY-SARIS_01_VTACIA-PERSPEKTIVA-1024x576.jpg 1024w, https:\/\/fharch.eu\/wp-content\/uploads\/2022\/05\/210531_REZIDENCIA-VELKY-SARIS_01_VTACIA-PERSPEKTIVA-768x432.jpg 768w, https:\/\/fharch.eu\/wp-content\/uploads\/2022\/05\/210531_REZIDENCIA-VELKY-SARIS_01_VTACIA-PERSPEKTIVA-1536x864.jpg 1536w, https:\/\/fharch.eu\/wp-content\/uploads\/2022\/05\/210531_REZIDENCIA-VELKY-SARIS_01_VTACIA-PERSPEKTIVA-18x10.jpg 18w\" sizes=\"(max-width: 2048px) 100vw, 2048px\" \/><\/figure>\n\n\n\n<figure class=\"wp-block-image alignfull size-full is-style-default\"><img decoding=\"async\" width=\"2048\" height=\"1152\" src=\"https:\/\/fharch.eu\/wp-content\/uploads\/2022\/05\/210531_REZIDENCIA-VELKY-SARIS_02_VSTUPNA-BRANA-scaled.jpg\" alt=\"\" class=\"wp-image-3874\" srcset=\"https:\/\/fharch.eu\/wp-content\/uploads\/2022\/05\/210531_REZIDENCIA-VELKY-SARIS_02_VSTUPNA-BRANA-scaled.jpg 2048w, https:\/\/fharch.eu\/wp-content\/uploads\/2022\/05\/210531_REZIDENCIA-VELKY-SARIS_02_VSTUPNA-BRANA-300x169.jpg 300w, https:\/\/fharch.eu\/wp-content\/uploads\/2022\/05\/210531_REZIDENCIA-VELKY-SARIS_02_VSTUPNA-BRANA-1024x576.jpg 1024w, https:\/\/fharch.eu\/wp-content\/uploads\/2022\/05\/210531_REZIDENCIA-VELKY-SARIS_02_VSTUPNA-BRANA-768x432.jpg 768w, https:\/\/fharch.eu\/wp-content\/uploads\/2022\/05\/210531_REZIDENCIA-VELKY-SARIS_02_VSTUPNA-BRANA-1536x864.jpg 1536w, https:\/\/fharch.eu\/wp-content\/uploads\/2022\/05\/210531_REZIDENCIA-VELKY-SARIS_02_VSTUPNA-BRANA-18x10.jpg 18w\" sizes=\"(max-width: 2048px) 100vw, 2048px\" \/><\/figure>\n\n\n\n<figure class=\"wp-block-image alignfull size-full is-style-default\"><img decoding=\"async\" width=\"2048\" height=\"1152\" src=\"https:\/\/fharch.eu\/wp-content\/uploads\/2022\/05\/210531_REZIDENCIA-VELKY-SARIS_03_SPOLOCNA-ULICA-scaled.jpg\" alt=\"\" class=\"wp-image-3875\" srcset=\"https:\/\/fharch.eu\/wp-content\/uploads\/2022\/05\/210531_REZIDENCIA-VELKY-SARIS_03_SPOLOCNA-ULICA-scaled.jpg 2048w, https:\/\/fharch.eu\/wp-content\/uploads\/2022\/05\/210531_REZIDENCIA-VELKY-SARIS_03_SPOLOCNA-ULICA-300x169.jpg 300w, https:\/\/fharch.eu\/wp-content\/uploads\/2022\/05\/210531_REZIDENCIA-VELKY-SARIS_03_SPOLOCNA-ULICA-1024x576.jpg 1024w, https:\/\/fharch.eu\/wp-content\/uploads\/2022\/05\/210531_REZIDENCIA-VELKY-SARIS_03_SPOLOCNA-ULICA-768x432.jpg 768w, https:\/\/fharch.eu\/wp-content\/uploads\/2022\/05\/210531_REZIDENCIA-VELKY-SARIS_03_SPOLOCNA-ULICA-1536x864.jpg 1536w, https:\/\/fharch.eu\/wp-content\/uploads\/2022\/05\/210531_REZIDENCIA-VELKY-SARIS_03_SPOLOCNA-ULICA-18x10.jpg 18w\" sizes=\"(max-width: 2048px) 100vw, 2048px\" \/><\/figure>\n\n\n\n<figure class=\"wp-block-image alignfull size-full is-style-default\"><img decoding=\"async\" width=\"2048\" height=\"1152\" src=\"https:\/\/fharch.eu\/wp-content\/uploads\/2022\/05\/210531_REZIDENCIA-VELKY-SARIS_06_SPOLOCNY-DVOR-scaled.jpg\" alt=\"\" class=\"wp-image-3878\" srcset=\"https:\/\/fharch.eu\/wp-content\/uploads\/2022\/05\/210531_REZIDENCIA-VELKY-SARIS_06_SPOLOCNY-DVOR-scaled.jpg 2048w, https:\/\/fharch.eu\/wp-content\/uploads\/2022\/05\/210531_REZIDENCIA-VELKY-SARIS_06_SPOLOCNY-DVOR-300x169.jpg 300w, https:\/\/fharch.eu\/wp-content\/uploads\/2022\/05\/210531_REZIDENCIA-VELKY-SARIS_06_SPOLOCNY-DVOR-1024x576.jpg 1024w, https:\/\/fharch.eu\/wp-content\/uploads\/2022\/05\/210531_REZIDENCIA-VELKY-SARIS_06_SPOLOCNY-DVOR-768x432.jpg 768w, https:\/\/fharch.eu\/wp-content\/uploads\/2022\/05\/210531_REZIDENCIA-VELKY-SARIS_06_SPOLOCNY-DVOR-1536x864.jpg 1536w, https:\/\/fharch.eu\/wp-content\/uploads\/2022\/05\/210531_REZIDENCIA-VELKY-SARIS_06_SPOLOCNY-DVOR-18x10.jpg 18w\" sizes=\"(max-width: 2048px) 100vw, 2048px\" \/><\/figure>\n\n\n\n<div style=\"height:30px\" aria-hidden=\"true\" class=\"wp-block-spacer\"><\/div>\n\n\n\n<h4 class=\"alignfull has-text-align-left wp-block-heading\">Prezenta\u010dn\u00e9 video Rezidencie Ve\u013ek\u00fd \u0160ari\u0161<\/h4>\n\n\n\n<figure class=\"wp-block-embed alignfull is-type-video is-provider-youtube wp-block-embed-youtube wp-embed-aspect-16-9 wp-has-aspect-ratio\"><div class=\"wp-block-embed__wrapper\">\n<iframe title=\"REZIDENCIA VELKY SARIS\" width=\"800\" height=\"450\" src=\"https:\/\/www.youtube.com\/embed\/-RPHUhtUUF0?feature=oembed\" frameborder=\"0\" allow=\"accelerometer; autoplay; clipboard-write; encrypted-media; gyroscope; picture-in-picture\" allowfullscreen><\/iframe>\n<\/div><\/figure>\n","protected":false},"featured_media":3877,"template":"","projektove-kategorie":[15,20,17],"class_list":["post-3872","projekty","type-projekty","status-publish","has-post-thumbnail","hentry","projektove-kategorie-architektura","projektove-kategorie-rodinne-domy","projektove-kategorie-urbanizmus"],"_links":{"self":[{"href":"https:\/\/fharch.eu\/en\/wp-json\/wp\/v2\/projekty\/3872","targetHints":{"allow":["GET"]}}],"collection":[{"href":"https:\/\/fharch.eu\/en\/wp-json\/wp\/v2\/projekty"}],"about":[{"href":"https:\/\/fharch.eu\/en\/wp-json\/wp\/v2\/types\/projekty"}],"wp:featuredmedia":[{"embeddable":true,"href":"https:\/\/fharch.eu\/en\/wp-json\/wp\/v2\/media\/3877"}],"wp:attachment":[{"href":"https:\/\/fharch.eu\/en\/wp-json\/wp\/v2\/media?parent=3872"}],"wp:term":[{"taxonomy":"projektove-kategorie","embeddable":true,"href":"https:\/\/fharch.eu\/en\/wp-json\/wp\/v2\/projektove-kategorie?post=3872"}],"curies":[{"name":"wp","href":"https:\/\/api.w.org\/{rel}","templated":true}]}}

REZIDENCIA VEĽKY ŠARIŠ

<div style="height:30px" aria-hidden="true" class="wp-block-spacer"></div>



<h4 class="alignfull wp-block-heading">Vizualizácie individuálnych rodinných domov na jednej ulici</h4>



<figure class="wp-block-image alignfull size-full is-style-default"><img decoding="async" width="2048" height="1152" src="https://fharch.eu/wp-content/uploads/2022/05/210531_REZIDENCIA-VELKY-SARIS_01_VTACIA-PERSPEKTIVA-scaled.jpg" alt="" class="wp-image-3873" srcset="https://fharch.eu/wp-content/uploads/2022/05/210531_REZIDENCIA-VELKY-SARIS_01_VTACIA-PERSPEKTIVA-scaled.jpg 2048w, https://fharch.eu/wp-content/uploads/2022/05/210531_REZIDENCIA-VELKY-SARIS_01_VTACIA-PERSPEKTIVA-300x169.jpg 300w, https://fharch.eu/wp-content/uploads/2022/05/210531_REZIDENCIA-VELKY-SARIS_01_VTACIA-PERSPEKTIVA-1024x576.jpg 1024w, https://fharch.eu/wp-content/uploads/2022/05/210531_REZIDENCIA-VELKY-SARIS_01_VTACIA-PERSPEKTIVA-768x432.jpg 768w, https://fharch.eu/wp-content/uploads/2022/05/210531_REZIDENCIA-VELKY-SARIS_01_VTACIA-PERSPEKTIVA-1536x864.jpg 1536w, https://fharch.eu/wp-content/uploads/2022/05/210531_REZIDENCIA-VELKY-SARIS_01_VTACIA-PERSPEKTIVA-18x10.jpg 18w" sizes="(max-width: 2048px) 100vw, 2048px" /></figure>



<figure class="wp-block-image alignfull size-full is-style-default"><img decoding="async" width="2048" height="1152" src="https://fharch.eu/wp-content/uploads/2022/05/210531_REZIDENCIA-VELKY-SARIS_02_VSTUPNA-BRANA-scaled.jpg" alt="" class="wp-image-3874" srcset="https://fharch.eu/wp-content/uploads/2022/05/210531_REZIDENCIA-VELKY-SARIS_02_VSTUPNA-BRANA-scaled.jpg 2048w, https://fharch.eu/wp-content/uploads/2022/05/210531_REZIDENCIA-VELKY-SARIS_02_VSTUPNA-BRANA-300x169.jpg 300w, https://fharch.eu/wp-content/uploads/2022/05/210531_REZIDENCIA-VELKY-SARIS_02_VSTUPNA-BRANA-1024x576.jpg 1024w, https://fharch.eu/wp-content/uploads/2022/05/210531_REZIDENCIA-VELKY-SARIS_02_VSTUPNA-BRANA-768x432.jpg 768w, https://fharch.eu/wp-content/uploads/2022/05/210531_REZIDENCIA-VELKY-SARIS_02_VSTUPNA-BRANA-1536x864.jpg 1536w, https://fharch.eu/wp-content/uploads/2022/05/210531_REZIDENCIA-VELKY-SARIS_02_VSTUPNA-BRANA-18x10.jpg 18w" sizes="(max-width: 2048px) 100vw, 2048px" /></figure>



<figure class="wp-block-image alignfull size-full is-style-default"><img decoding="async" width="2048" height="1152" src="https://fharch.eu/wp-content/uploads/2022/05/210531_REZIDENCIA-VELKY-SARIS_03_SPOLOCNA-ULICA-scaled.jpg" alt="" class="wp-image-3875" srcset="https://fharch.eu/wp-content/uploads/2022/05/210531_REZIDENCIA-VELKY-SARIS_03_SPOLOCNA-ULICA-scaled.jpg 2048w, https://fharch.eu/wp-content/uploads/2022/05/210531_REZIDENCIA-VELKY-SARIS_03_SPOLOCNA-ULICA-300x169.jpg 300w, https://fharch.eu/wp-content/uploads/2022/05/210531_REZIDENCIA-VELKY-SARIS_03_SPOLOCNA-ULICA-1024x576.jpg 1024w, https://fharch.eu/wp-content/uploads/2022/05/210531_REZIDENCIA-VELKY-SARIS_03_SPOLOCNA-ULICA-768x432.jpg 768w, https://fharch.eu/wp-content/uploads/2022/05/210531_REZIDENCIA-VELKY-SARIS_03_SPOLOCNA-ULICA-1536x864.jpg 1536w, https://fharch.eu/wp-content/uploads/2022/05/210531_REZIDENCIA-VELKY-SARIS_03_SPOLOCNA-ULICA-18x10.jpg 18w" sizes="(max-width: 2048px) 100vw, 2048px" /></figure>



<figure class="wp-block-image alignfull size-full is-style-default"><img decoding="async" width="2048" height="1152" src="https://fharch.eu/wp-content/uploads/2022/05/210531_REZIDENCIA-VELKY-SARIS_06_SPOLOCNY-DVOR-scaled.jpg" alt="" class="wp-image-3878" srcset="https://fharch.eu/wp-content/uploads/2022/05/210531_REZIDENCIA-VELKY-SARIS_06_SPOLOCNY-DVOR-scaled.jpg 2048w, https://fharch.eu/wp-content/uploads/2022/05/210531_REZIDENCIA-VELKY-SARIS_06_SPOLOCNY-DVOR-300x169.jpg 300w, https://fharch.eu/wp-content/uploads/2022/05/210531_REZIDENCIA-VELKY-SARIS_06_SPOLOCNY-DVOR-1024x576.jpg 1024w, https://fharch.eu/wp-content/uploads/2022/05/210531_REZIDENCIA-VELKY-SARIS_06_SPOLOCNY-DVOR-768x432.jpg 768w, https://fharch.eu/wp-content/uploads/2022/05/210531_REZIDENCIA-VELKY-SARIS_06_SPOLOCNY-DVOR-1536x864.jpg 1536w, https://fharch.eu/wp-content/uploads/2022/05/210531_REZIDENCIA-VELKY-SARIS_06_SPOLOCNY-DVOR-18x10.jpg 18w" sizes="(max-width: 2048px) 100vw, 2048px" /></figure>



<div style="height:30px" aria-hidden="true" class="wp-block-spacer"></div>



<h4 class="alignfull has-text-align-left wp-block-heading">Prezentačné video Rezidencie Veľký Šariš</h4>



<figure class="wp-block-embed alignfull is-type-video is-provider-youtube wp-block-embed-youtube wp-embed-aspect-16-9 wp-has-aspect-ratio"><div class="wp-block-embed__wrapper">
<iframe title="REZIDENCIA VELKY SARIS" width="800" height="450" src="https://www.youtube.com/embed/-RPHUhtUUF0?feature=oembed" frameborder="0" allow="accelerometer; autoplay; clipboard-write; encrypted-media; gyroscope; picture-in-picture" allowfullscreen></iframe>
</div></figure>
